omposite?
False
Let u = 1472 - -1157. Is u a composite number?
True
Let s(p) = p + 1226. Let u(n) = -502660. Let x(b) = -1229. Let c(g) = 3*u(g) - 1226*x(g). Let a(r) = -5*c(r) - 4*s(r). Is a(0) a prime number?
False
Let m(y) = -y**3 + 11*y**2 - 26*y + 19. Let d = 122 + -114. Let v be m(d). Suppose -5*o - t - 2*t + 4605 = 0, 2763 = v*o + t. Is o composite?
True
Suppose 18*g - 17*g - 309194 + 33231 = 0. Is g composite?
False
Let t be -82 + (2/4)/((-46)/(-460)). Is (t/55)/((-3)/10785) prime?
False
Let p be (-1 + 7)*84/63. Suppose -7*m = -p*m + 9343. Is m a prime number?
True
Let n be (-1 - 1*-1) + (-1461988)/(-44). Suppose -t + 23102 + n = 0. Suppose -4*u - t = -17*u. Is u prime?
False
Suppose 17*t - 63679 - 73834 = 0. Let d = t + -1602. Is d composite?
True
Let d(b) = 49306*b + 2049. Is d(5) a composite number?
False
Suppose -11*z = -x - 6*z + 2909414, 4*x - 11637561 = z. Is x prime?
False
Let p(h) = -1348*h**2 - 4*h - 2. Let y be p(-1). Let d = y + 2527. Suppose 0 = l - 3*r + 2*r - 290, 4*l - d = -3*r. Is l composite?
False
Let n(h) = 325*h**2 - 16*h + 5. Is n(-6) a composite number?
False
Suppose 3*x = -4*o + 23104, -86*x = 4*o - 88*x - 23084. Is o a prime number?
False
Let c = -165592 + 372101. Is c a prime number?
False
Suppose -4*m = -w + 295509, 3*w - 185*m + 182*m = 886482. Is w a prime number?
False
Let t(h) = -227133*h**3 + h**2 - 9*h - 8. Is t(-1) prime?
False
Let y = 7329 - 3835. Is y composite?
True
Suppose -z + a - 9 + 19 = 0, -21 = -2*z + a. Suppose 0 = -z*g + 4*g + 4487. Is g composite?
False
Is 2/6 - (-168)/(-693) - 730740/(-11) a prime number?
True
Let u(y) = 48*y**2 + 3*y - 34. Suppose 10 = z + 2. Is u(z) composite?
True
Let y(f) = 9*f + 201. Let j be y(-9). Let w(c) = -1263*c + 1. Let l be w(-1). Suppose 4*v - j = l. Is v a prime number?
False
Suppose 0 = 22*q - 18*q - 4. Is 1498 - 57/(-19)*q/3 prime?
True
Suppose -3*s = -3*q + 46521, 3*q - s = -0*q + 46519. Let p be 40/8*q/5. Suppose 5 = -5*b, -5*b = -4*n - 7*b + p. Is n a composite number?
False
Let q(l) = -201*l - 73. Let z(s) = 401*s + 146. Let o(u) = 5*q(u) + 3*z(u). Is o(10) prime?
True
Let w = -774 - -774. Suppose w = o - 3*d - 30398, 2*o - 35074 - 25712 = 4*d. Is o a prime number?
False
Suppose 0 = 11*c - 43462 + 11331. Let i = -1734 + c. Is i composite?
False
Suppose 4*i + 119 - 195 = 0. Suppose 3*p + a = 167, 21*p - i*p = a + 108. Is p prime?
False
Let a = 132769 - 67280. Is a prime?
False
Let q(u) = -117*u**3 - 11*u**2 + 22*u + 217. Is q(-6) a composite number?
True
Let g(f) = 92*f**2 - 3*f - 1. Let n(x) = -x**2. Let l(w) = g(w) - 3*n(w). Let u be (2 + 2)*36/(-144). Is l(u) composite?
False
Let k = -4171 + 7062. Suppose 36*s = 43*s - k. Is s composite?
True
Let n = 456009 - 314012. Is n prime?
False
Let m be (-27)/((-30)/(-10)) - (-4 - 1). Let x(h) = 123*h**2 + h + 15. Is x(m) a composite number?
False
Suppose 0 = 5*s + 2*s - 14. Let a be (30/8)/(407/(-204) + s). Let y = a - 376. Is y composite?
False
Suppose -4*r + s + 5 = 0, r - 5*s + 4 = -3*s. Suppose 3*j - 4*j = 4*l - 5737, -r*j = -l + 1441. Suppose 8*i - l = i. Is i a composite number?
True
Let r(j) = -209*j + 576. Is r(-15) composite?
True
Let f(j) = -j**3 + 13*j**2 + 19*j - 9. Let q be f(14). Suppose -5*p - 101 = -i, 3*p + q = -3*i + 4*i. Let r(l) = 2*l**2 - 8*l - 49. Is r(p) a prime number?
True
Let w(h) = h**3 + 11*h**2 + 6*h - 10. Let r = 4 + -36. Let s be (9/(-12))/((-4)/r). Is w(s) composite?
True
Let g(b) = 802*b - 2853. Is g(47) a composite number?
False
Let o = 639377 - 260901. Suppose 20*d - 6*d = -o. Is 4/(-30) - d/30 a composite number?
True
Suppose -4*x = -4*u + 8872, -2*x - 9114 - 1982 = -5*u. Let n = 7577 - u. Is n a composite number?
True
Let n(y) = 3*y**2 + 9*y - 7. Suppose 8 = -16*z + 18*z. Suppose -4*x - 4*c - 47 = -7, 0 = -4*x + z*c - 40. Is n(x) composite?
True
Suppose 0 = -2*o - p + 202529, 2*o - 49821 = 3*p + 152728. Is o composite?
False
Suppose -f + 196086 = -94991. Is f a prime number?
True
Is 502 - 497 - 10958*-2*3 composite?
True
Suppose 19*z + 10098 = 23*z - 2*o, 4*z - o - 10101 = 0. Let n = 3721 - z. Is n a composite number?
True
Let f(g) = 5*g - 34. Let a = 10 - -3. Let d be f(a). Suppose 5*u = -5*n + 251 - d, 3*u - 178 = -4*n. Is n composite?
True
Let t = -2 - 1. Let d(a) = -67*a - 14*a - 18*a - 4. Is d(t) prime?
True
Suppose -c - 31*c + 2471004 = 4*c. Is c prime?
True
Let i(b) = 6 - 7594*b + 3 + 9211*b - 5. Let c = 0 + 1. Is i(c) prime?
True
Is (5289437/(-93))/((-1)/3) a prime number?
True
Let u = 116681 - -94976. Is u a composite number?
False
Suppose -4 - 8 = -3*r. Suppose -z - 5 = -i + r*z, i - 2*z = 5. Suppose 5*j = -5*m + 2075, 3*m = -0*j + i*j - 2043. Is j composite?
True
Suppose 2*v - 5*p + 12083 = 0, -4607 + 16675 = -2*v + 2*p. Let k = v - -8440. Is k a composite number?
False
Suppose 0 = 2*y - 1048 - 258. Let k = -264 + -70. Let l = k + y. Is l a prime number?
False
Let y = -20 - -13. Let i(u) be the first derivative of -221*u**2/2 + 8*u + 114. Is i(y) prime?
False
Let c be (-19668)/(-924) + 1/((-7)/2). Is ((-396277)/c)/(1/(-3)) composite?
False
Suppose -11*o - 80*o - 15*o = -36042226. Is o a prime number?
False
Let u = -31 - -41. Let i be (-35402)/u - 5/(-25). Let a = -2179 - i. Is a composite?
False
Suppose -66*u + 3351043 + 7207439 = 0. Is u composite?
False
Let l = 119 + -10. Let z = l - 114. Is ((-13)/(-2) - z)*86 composite?
True
Suppose 10*t - 5*t - 4*o = 210, t = -2*o + 42. Let l be 30/(-2)*14/t. Let w(m) = -352*m + 17. Is w(l) prime?
True
Let q = -3060084 - -5730647. Is q composite?
True
Suppose -4*w - 3*z = -92990, -8*w = -9*w - 4*z + 23241. Is w prime?
False
Let z be 11/2*2 - 1. Let s(l) = 20*l**3 + 11*l**2 + 23*l + 11. Is s(z) composite?
False
Suppose 2*r - 3*r - 5*m + 46 = 0, 0 = r - m - 52. Suppose -1114896 = -r*f + 3*f. Is f a composite number?
False
Let i(a) be the second derivative of -a**4/12 - 10*a**3/3 + a**2/2 + 7*a. Let o be i(-20). Is 1 + 195 + o*3 a prime number?
True
Let r(a) = 79 - 1272*a + 634*a + 636*a + 2*a**2. Is r(-39) a prime number?
False
Suppose -64*n + 2458872 - 515384 = 0. Is n a prime number?
True
Let x(b) = b + 1. Let t(m) = 54*m - 6. Let s(j) = -t(j) - 5*x(j). Suppose 2*c = 4*p + 16, -c + 3*p + p = -18. Is s(c) a prime number?
False
Let r be (-14*3)/(-3 - -1). Suppose f = -6*f + r. Is (-6)/(f/(-6558)*4) a prime number?
False
Let x(w) = 23*w**3 + w**2 + 4*w + 2023891. Is x(0) prime?
True
Let x(p) = -750*p**3 + 10*p**2 + 9. Let t(b) = -2*b**2 - b - 1. Let r(q) = -5*t(q) - x(q). Is r(1) a prime number?
True
Suppose -32*s + 3206341 = 7*s + 14*s. Is s prime?
True
Is (-4)/(-8)*-14 - (-149037 - (9 + -10)) a composite number?
True
Let p be (0 - -1)/(5/55). Suppose -7491 = -0*w - p*w. Is w prime?
False
Let b(s) be the first derivative of 80*s**2 + 11*s - 19. Let q be b(9). Let i = q + 1650. Is i prime?
False
Suppose -5*r - 1118 = -l, 4*r + 6 = 6*r. Suppose -l = 5*f + 247. Let k = 355 - f. Is k a prime number?
True
Let s(f) = -2*f + 26. Let q be s(8). Let m be q + -3*(-10)/(-15). Let k(g) = 98*g + 34. Is k(m) a composite number?
True
Let l be (-13)/((-9)/(134253*-1)). Is (-2)/(-117)*13 + l/(-9) prime?
False
Suppose -1010*s + 52904908 = -814*s. Is s composite?
False
Suppose -3*y - 75635 = -5*i, -5*i = -y - 23899 - 1296. Is 3/(-6)*(y + 6) prime?
False
Let u(o) = 6 + 3443*o - 7058*o + 3352*o. Suppose 32 = -5*i - 3. Is u(i) prime?
True
Let z be 5/(-20) + 50986/8. Let k be (-3)/12 + z/4. Let q = 2242 - k. Is q composite?
True
Suppose 15*x + 154 = 16*x. Let b be 3/((-36)/(-292))*(x + -4). Suppose -2*s - 4*t = -b - 8356, -5*t + 5997 = s. Is s a prime number?
True
Let q(d) = -2*d**3 - 26*d**2 - 25*d - 10. Let o be q(-12). Is (-7723)/(((-3)/15)/(o/10)) a composite number?
False
Is (-3)/(-5)*(-128 - -133) + 463640 a prime number?
True
Let r = -3520 - -8589. Is r prime?
False
Let f be -1 + -2 + 1746 - (2 + 0). Let p = -158 + f. Is p prime?
True
Let m(o) = o**2 + 19*o - 83. Suppose 0 = -4*p - 2*r + 7*r - 123, -2*p + 2*r - 60 = 0. Is m(p) a prime number?
False
Suppose -29907*x = -29881*x - 15705482. Is x a composite number?
False
Suppose -2*p - 5*o + 11 = 0, -5*p + 4*o - 2 = 20. Let f be (p/(-1))/((-3)/(12/(-2))). Suppose 3*u + u - 4067 = -3*y, -5*y - f*u = -6789. Is y composite?
False
Let p(c) = 830*c**2 - 586*c - 5. Is p(6) prime?
False
Let w(c) 